actors of 1115564835?
3, 5, 7, 11, 965857
List the prime factors of 77944432.
2, 4871527
What are the prime factors of 640916455?
5, 19, 83, 81283
List the prime factors of 26055624.
2, 3, 7, 31, 5003
List the prime factors of 676831421.
7, 17, 59, 96401
What are the prime factors of 273264632?
2, 281, 121559
List the prime factors of 486414552.
2, 3, 13, 31, 50291
List the prime factors of 599411098.
2, 11, 13, 191, 10973
What are the prime factors of 6868248727?
17, 29, 73, 190843
List the prime factors of 108956804.
2, 11, 2476291
List the prime factors of 7103580116.
2, 251, 7075279
List the prime factors of 98428384.
2, 509, 6043
What are the prime factors of 276160951?
11, 647, 38803
List the prime factors of 7328540024.
2, 13, 70466731
List the prime factors of 280449027.
3, 10387001
What are the prime factors of 223607081?
23, 29, 523, 641
List the prime factors of 133728486.
2, 3, 23, 233, 4159
List the prime factors of 53007801.
3, 7, 11, 23, 907
List the prime factors of 1079353474.
2, 31, 17408927
List the prime factors of 772253914.
2, 79, 4887683
What are the prime factors of 62805543?
3, 20935181
What are the prime factors of 167630713?
167630713
What are the prime factors of 953148138?
2, 3, 3701, 42923
What are the prime factors of 465319884?
2, 3, 38776657
What are the prime factors of 636184318?
2, 7, 11, 173, 23879
List the prime factors of 1291535082.
2, 3, 31, 113, 20483
What are the prime factors of 114740104?
2, 1439, 9967
What are the prime factors of 151197372?
2, 3, 4199927
List the prime factors of 20635553.
31, 109, 197
List the prime factors of 914906402.
2, 457453201
What are the prime factors of 40444878?
2, 3, 6740813
What are the prime factors of 707285104?
2, 79, 559561
What are the prime factors of 35000982?
2, 3, 1944499
List the prime factors of 39887810.
2, 5, 3988781
What are the prime factors of 129081701?
7, 173, 106591
List the prime factors of 437732355.
3, 5, 19, 229, 353
What are the prime factors of 203470767?
3, 1259, 17957
List the prime factors of 6633343822.
2, 7, 139, 3408707
List the prime factors of 27383830.
2, 5, 29, 94427
List the prime factors of 110957028.
2, 3, 7, 13, 17, 43, 139
List the prime factors of 251083610.
2, 5, 25108361
List the prime factors of 218872.
2, 109, 251
What are the prime factors of 22510878?
2, 3, 13, 191, 1511
List the prime factors of 3443005315.
5, 688601063
What are the prime factors of 663903732?
2, 3, 673, 82207
What are the prime factors of 326397425?
5, 13055897
What are the prime factors of 647071254?
2, 3, 3994267
List the prime factors of 2157561853.
19, 1009, 112543
List the prime factors of 290051652.
2, 3, 11, 2197361
What are the prime factors of 171864143?
11, 15624013
List the prime factors of 44747877.
3, 14915959
What are the prime factors of 68499051?
3, 3301, 6917
What are the prime factors of 96195923?
103, 139, 6719
What are the prime factors of 25610690?
2, 5, 7, 569, 643
What are the prime factors of 1327916702?
2, 7, 379, 250267
What are the prime factors of 85775316?
2, 3, 11, 649813
List the prime factors of 88378200.
2, 3, 5, 37, 1327
List the prime factors of 636779387.
17, 37457611
What are the prime factors of 3039293427?
3, 53, 1759, 10867
What are the prime factors of 488712467?
1249, 391283
What are the prime factors of 68580550?
2, 5, 17, 80683
What are the prime factors of 1169391406?
2, 181, 3230363
List the prime factors of 11281245.
3, 5, 752083
List the prime factors of 18475303.
7, 11, 151, 227
List the prime factors of 58348823.
13, 4488371
List the prime factors of 254196803.
7, 29, 1252201
List the prime factors of 47606469.
3, 15868823
List the prime factors of 787253856.
2, 3, 8200561
List the prime factors of 829292228.
2, 207323057
List the prime factors of 5626469644.
2, 1051, 1338361
What are the prime factors of 1219165166?
2, 17, 1231, 29129
List the prime factors of 92334012.
2, 3, 7694501
List the prime factors of 106789436.
2, 13, 2053643
What are the prime factors of 53299738?
2, 29, 271, 3391
What are the prime factors of 83160655?
5, 103, 113, 1429
List the prime factors of 2852965.
5, 523, 1091
List the prime factors of 49987944.
2, 3, 694277
List the prime factors of 137959553.
113, 1093, 1117
What are the prime factors of 2257377518?
2, 11, 102608069
What are the prime factors of 24425621?
11, 19, 6151
List the prime factors of 194742774.
2, 3, 197, 54919
What are the prime factors of 2641974445?
5, 11, 137, 547, 641
List the prime factors of 1204631834.
2, 7, 86045131
List the prime factors of 114046968.
2, 3, 7, 19, 35729
List the prime factors of 384843298.
2, 7, 73, 89, 4231
What are the prime factors of 124325017?
103, 1207039
What are the prime factors of 1063225981?
41, 25932341
What are the prime factors of 843205241?
843205241
List the prime factors of 51162665.
5, 10232533
What are the prime factors of 25058819?
31, 808349
What are the prime factors of 46669575?
3, 5, 61, 101
What are the prime factors of 617204079?
3, 31, 113, 19577
List the prime factors of 54648974.
2, 457, 59791
List the prime factors of 113549700.
2, 3, 5, 11, 19, 1811
What are the prime factors of 4387296988?
2, 19583, 56009
List the prime factors of 131402771.
131402771
List the prime factors of 25367883.
3, 907, 9323
List the prime factors of 762848070.
2, 3, 5, 47, 541027
What are the prime factors of 88335036?
2, 3, 59, 4621
List the prime factors of 143853452.
2, 35963363
What are the prime factors of 2546634536?
2, 29, 10976873
What are the prime factors of 44080233?
3, 31, 473981
List the prime factors of 61111786.
2, 30555893
What are the prime factors of 145918868?
2, 36479717
List the prime factors of 2484966281.
7, 19, 47, 331, 1201
What are the prime factors of 1158999169?
1158999169
List the prime factors of 135753588.
2, 3, 31, 103, 1181
What are the prime factors of 94058822?
2, 11, 13, 23, 79, 181
What are the prime factors of 37201718?
2, 23, 808733
What are the prime factors of 345020654?
2, 11, 23, 67, 10177
What are the prime factors of 655788099?
3, 1091, 200363
List the prime factors of 20309714.
2, 10154857
What are the prime factors of 12485344?
2, 17, 59, 389
List the prime factors of 7391274402.
2, 3, 131, 733, 12829
What are the prime factors of 119052508?
2, 23, 56263
List the prime factors of 148921149.
3, 13, 53, 72047
List the prime factors of 81818485.
5, 7, 53, 6301
List the prime factors of 2079040404.
2, 3, 7, 709, 4987
What are the prime factors of 62955781?
7, 29, 310127
List the prime factors of 881008169.
19, 23, 157, 12841
List the prime factors of 1246256812.
2, 1361, 228923
What are the prime factors of 3523229497?
3523229497
List the prime factors of 68870983.
68870983
List the prime factors of 48731969.
11, 13, 31, 10993
What are the prime factors of 14535235?
5, 11, 13, 29, 701
List the prime factors of 3174534834.
2, 3, 529089139
List the prime factors of 293035726.
2, 146517863
List the prime factors of 332421966.
2, 3, 521, 35447
What are the prime factors of 46807964?
2, 7, 1671713
List the prime factors of 418777428.
2, 3, 34898119
List the prime factors of 13349261.
13349261
List the prime factors of 632187507.
3, 7, 30104167
What are the prime factors of 236438270?
2, 5, 1871, 12637
What are the prime factors of 308737898?
2, 7, 22052707
List the prime factors of 475160042.
2, 7, 977, 34739
List the prime factors of 3270750496.
2, 13, 17, 462493
What are the prime factors of 1698866614?
2, 849433307
What are the prime factors of 756168229?
756168229
What are the prime factors of 55868395?
5, 11, 43, 23623
What are the prime factors of 1688544927?
3, 62538701
List the prime factors of 155036222.
2, 11, 977, 7213
What are the prime factors of 459084997?
7, 241, 272131
List the prime factors of 820271054.
2, 410135527
List the prime factors of 13731008.
2, 73, 2939
List the prime factors of 596350389.
3, 1019, 195077
List the prime factors of 132121247.
3919, 33713
List the prime factors of 81077345.
5, 1481, 10949
What are the prime factors of 35572291?
223, 269, 593
What are the prime factors of 2125388339?
2125388339
List the prime factors of 1140439239.
3, 29, 4369499
What are the prime factors of 3526684274?
2, 89, 131, 151243
What are the prime factors of 526